{"id":12,"date":"2021-06-02T00:00:08","date_gmt":"2021-06-02T00:00:08","guid":{"rendered":"http:\/\/walk.paris\/?page_id=12"},"modified":"2022-12-29T21:48:37","modified_gmt":"2022-12-29T20:48:37","slug":"a-homepage-section","status":"publish","type":"page","link":"https:\/\/walk.paris\/index.php\/fr\/a-homepage-section\/","title":{"rendered":"Comment \u00e7a marche?"},"content":{"rendered":"\n<ol>\n<li><strong>Cliquez sur la visite qui vous int\u00e9resse. <\/strong>Pour l&#8217;instant vous avez le choix entre <strong><a rel=\"noreferrer noopener\" href=\"https:\/\/voicemap.me\/tour\/paris\/autour-de-montsouris-eaux-secretes-et-villages-caches\" target=\"_blank\">une balade villages cach\u00e9s &amp; eaux souterraines autour de Montsouris<\/a><\/strong> ou une <a href=\"http:\/\/voicemap.me\/catacombes\" target=\"_blank\" rel=\"noreferrer noopener\"><strong>balade myst\u00e9rieuse au-dessus des catacombes dans les pas de Lupin<\/strong><\/a>. Si vous \u00eates curieux, vous pouvez toujours \u00e9couter les 3 premi\u00e8res \u00e9tapes gratuitement. Ca vous spoilera un peu, mais c&#8217;est l&#8217;occasion de voir si vous aimez ma voix et ce que je raconte. Vous pouvez aussi d\u00e9cider de garder la surprise jusqu&#8217;\u00e0 votre arriv\u00e9e sur place!<\/li>\n\n\n\n<li><strong>Installez l&#8217;application gratuite VoiceMap pour <a rel=\"noreferrer noopener\" href=\"https:\/\/play.google.com\/store\/apps\/details?id=me.voicemap.android&amp;hl=en&amp;gl=US\" target=\"_blank\">Android<\/a> ou <a rel=\"noreferrer noopener\" href=\"https:\/\/apps.apple.com\/us\/app\/voicemap-audio-tours\/id852027939\" target=\"_blank\">iPhone<\/a>.<\/strong> Elle vous permettra de m&#8217;invoquer dans votre t\u00e9l\u00e9phone. T\u00e9l\u00e9chargez la visite par wifi si vous voulez \u00e9conomiser des donn\u00e9es.<\/li>\n\n\n\n<li><span style=\"font-size: 1rem;\"><strong>L&#8217;appli vous guidera jusqu&#8217;au point d\u00e9part, puis suivez ma voix, j&#8217;expliquerai tout au fur et \u00e0 mesure. <\/strong>Certaines personnes pr\u00e9f\u00e8rent \u00e9couter mes balades chez elles, comme des podcasts. Si vous avez le choix, faites les balades en vrai, elles sont vraiment pens\u00e9es pour associer le plaisir des yeux et des oreilles. Mais si vous ne pouvez pas, vous apprendrez quand m\u00eame plein de choses sur ces quartiers incroyables et leurs habitant\u00b7e\u00b7s!<\/span><\/li>\n<\/ol>\n\n\n\n<p><\/p>\n","protected":false},"excerpt":{"rendered":"","protected":false},"author":1,"featured_media":68,"parent":0,"menu_order":0,"comment_status":"closed","ping_status":"closed","template":"","meta":{"footnotes":""},"jetpack_sharing_enabled":true,"_links":{"self":[{"href":"https:\/\/walk.paris\/index.php\/wp-json\/wp\/v2\/pages\/12"}],"collection":[{"href":"https:\/\/walk.paris\/index.php\/wp-json\/wp\/v2\/pages"}],"about":[{"href":"https:\/\/walk.paris\/index.php\/wp-json\/wp\/v2\/types\/page"}],"author":[{"embeddable":true,"href":"https:\/\/walk.paris\/index.php\/wp-json\/wp\/v2\/users\/1"}],"replies":[{"embeddable":true,"href":"https:\/\/walk.paris\/index.php\/wp-json\/wp\/v2\/comments?post=12"}],"version-history":[{"count":10,"href":"https:\/\/walk.paris\/index.php\/wp-json\/wp\/v2\/pages\/12\/revisions"}],"predecessor-version":[{"id":291,"href":"https:\/\/walk.paris\/index.php\/wp-json\/wp\/v2\/pages\/12\/revisions\/291"}],"wp:featuredmedia":[{"embeddable":true,"href":"https:\/\/walk.paris\/index.php\/wp-json\/wp\/v2\/media\/68"}],"wp:attachment":[{"href":"https:\/\/walk.paris\/index.php\/wp-json\/wp\/v2\/media?parent=12"}],"curies":[{"name":"wp","href":"https:\/\/api.w.org\/{rel}","templated":true}]}}