{"id":10,"date":"2021-06-02T00:00:08","date_gmt":"2021-06-02T00:00:08","guid":{"rendered":"http:\/\/walk.paris\/?page_id=10"},"modified":"2021-07-20T17:06:48","modified_gmt":"2021-07-20T16:06:48","slug":"contact","status":"publish","type":"page","link":"https:\/\/walk.paris\/index.php\/fr\/contact\/","title":{"rendered":"Contact"},"content":{"rendered":"\n<p>Le plus simple est de m&#8217;envoyer un mail:<\/p>\n\n\n\n<p><strong>contact<\/strong> AROBASE <strong>walk<\/strong> POINT <strong>paris<\/strong><\/p>\n\n\n\n<p>Je ne partagerai pas votre adresse avec qui que ce soit et ne vous inscrirai \u00e0 aucune newsletter.<\/p>\n\n\n\n<p>Sinon, tentez votre chance sur les r\u00e9seaux sociaux ci-dessous, mais je ne suis pas tr\u00e8s r\u00e9actif sur leurs messageries instantan\u00e9es.<\/p>\n","protected":false},"excerpt":{"rendered":"<p>Le plus simple est de m&#8217;envoyer un mail: contact AROBASE walk POINT paris Je ne partagerai pas votre adresse avec qui que ce soit et ne vous inscrirai \u00e0 aucune newsletter. Sinon, tentez votre chance sur les r\u00e9seaux sociaux ci-dessous, mais je ne suis pas tr\u00e8s r\u00e9actif sur leurs messageries instantan\u00e9es.<\/p>\n","protected":false},"author":1,"featured_media":244,"parent":0,"menu_order":0,"comment_status":"closed","ping_status":"closed","template":"","meta":{"footnotes":""},"jetpack_sharing_enabled":true,"_links":{"self":[{"href":"https:\/\/walk.paris\/index.php\/wp-json\/wp\/v2\/pages\/10"}],"collection":[{"href":"https:\/\/walk.paris\/index.php\/wp-json\/wp\/v2\/pages"}],"about":[{"href":"https:\/\/walk.paris\/index.php\/wp-json\/wp\/v2\/types\/page"}],"author":[{"embeddable":true,"href":"https:\/\/walk.paris\/index.php\/wp-json\/wp\/v2\/users\/1"}],"replies":[{"embeddable":true,"href":"https:\/\/walk.paris\/index.php\/wp-json\/wp\/v2\/comments?post=10"}],"version-history":[{"count":3,"href":"https:\/\/walk.paris\/index.php\/wp-json\/wp\/v2\/pages\/10\/revisions"}],"predecessor-version":[{"id":253,"href":"https:\/\/walk.paris\/index.php\/wp-json\/wp\/v2\/pages\/10\/revisions\/253"}],"wp:featuredmedia":[{"embeddable":true,"href":"https:\/\/walk.paris\/index.php\/wp-json\/wp\/v2\/media\/244"}],"wp:attachment":[{"href":"https:\/\/walk.paris\/index.php\/wp-json\/wp\/v2\/media?parent=10"}],"curies":[{"name":"wp","href":"https:\/\/api.w.org\/{rel}","templated":true}]}}